{"id":1634,"date":"2026-03-30T15:20:04","date_gmt":"2026-03-30T13:20:04","guid":{"rendered":"https:\/\/domainenovis.com\/?post_type=product&#038;p=1634"},"modified":"2026-04-24T09:49:50","modified_gmt":"2026-04-24T07:49:50","slug":"planche-charcuteries-fromages-legumes","status":"publish","type":"product","link":"https:\/\/domainenovis.com\/index.php\/produit\/planche-charcuteries-fromages-legumes\/","title":{"rendered":"Planche SAMEDI 25 avril 2026 charcuteries, fromages, l\u00e9gumes"},"content":{"rendered":"<p>&nbsp;<\/p>\n<p><strong>photo non contractuelle:<\/strong><\/p>\n<p style=\"text-align: center; font-size: 14px; line-height: 16px; word-break: break-word;\"><span style=\"font-size: 14px; line-height: 16px;\">Nous vous confectionnerons avec nos petites mains de<strong> jolies planches<\/strong> \u00e0 partager, faite uniquement avec des produits locaux !!!<\/span><\/p>\n<p style=\"text-align: center; font-size: 14px; line-height: 16px; word-break: break-word;\"><span style=\"font-size: 14px; line-height: 16px;\">Charcuterie de la maison DUCULTY<\/span><\/p>\n<p style=\"text-align: center; font-size: 14px; line-height: 16px; word-break: break-word;\"><span style=\"font-size: 14px; line-height: 16px;\"> ( Terrasse sur Dorlay )<\/span><\/p>\n<p style=\"text-align: center; font-size: 14px; line-height: 16px; word-break: break-word;\"><span style=\"font-size: 14px; line-height: 16px;\">Fromages de La ferme du Mont Monnet <\/span><\/p>\n<p style=\"text-align: center; font-size: 14px; line-height: 16px; word-break: break-word;\"><span style=\"font-size: 14px; line-height: 16px;\">( Longes)\u00a0<\/span><\/p>\n<p style=\"text-align: center; font-size: 14px; line-height: 16px; word-break: break-word;\"><span style=\"font-size: 14px; line-height: 16px;\">-Fourme d&rsquo;Ambert, une sp\u00e9cialit\u00e9 de caract\u00e8re<\/span><\/p>\n<p style=\"text-align: center; font-size: 14px; line-height: 16px; word-break: break-word;\"><span style=\"font-size: 14px; line-height: 16px;\">-Fromage \u00e0 p\u00e2te cuite de la Ferme du Petit Ramard<\/span><\/p>\n<p style=\"text-align: center; font-size: 14px; line-height: 16px; word-break: break-word;\"><span style=\"font-size: 14px; line-height: 16px;\">( Condrieu)<\/span><\/p>\n<p style=\"text-align: center; font-size: 14px; line-height: 16px; word-break: break-word;\"><span style=\"font-size: 14px; line-height: 16px;\">-L\u00e9gumes s\u00e9lectionn\u00e9s de la Ferme des L\u00f4nes, marin\u00e9s maison<\/span><\/p>\n<p style=\"text-align: center; font-size: 14px; line-height: 16px; word-break: break-word;\"><span style=\"font-size: 14px; line-height: 16px;\">Pain de nos boulangeries ( St Pierre de Boeuf )<\/span><\/p>\n","protected":false},"excerpt":{"rendered":"<p>Planche locale et fait maison !!!<\/p>\n","protected":false},"featured_media":1265,"template":"","meta":[],"product_brand":[],"product_cat":[34],"product_tag":[],"class_list":{"0":"post-1634","1":"product","2":"type-product","3":"status-publish","4":"has-post-thumbnail","6":"product_cat-repas","8":"first","9":"instock","10":"virtual","11":"taxable","12":"purchasable","13":"product-type-simple"},"_links":{"self":[{"href":"https:\/\/domainenovis.com\/index.php\/wp-json\/wp\/v2\/product\/1634","targetHints":{"allow":["GET"]}}],"collection":[{"href":"https:\/\/domainenovis.com\/index.php\/wp-json\/wp\/v2\/product"}],"about":[{"href":"https:\/\/domainenovis.com\/index.php\/wp-json\/wp\/v2\/types\/product"}],"wp:featuredmedia":[{"embeddable":true,"href":"https:\/\/domainenovis.com\/index.php\/wp-json\/wp\/v2\/media\/1265"}],"wp:attachment":[{"href":"https:\/\/domainenovis.com\/index.php\/wp-json\/wp\/v2\/media?parent=1634"}],"wp:term":[{"taxonomy":"product_brand","embeddable":true,"href":"https:\/\/domainenovis.com\/index.php\/wp-json\/wp\/v2\/product_brand?post=1634"},{"taxonomy":"product_cat","embeddable":true,"href":"https:\/\/domainenovis.com\/index.php\/wp-json\/wp\/v2\/product_cat?post=1634"},{"taxonomy":"product_tag","embeddable":true,"href":"https:\/\/domainenovis.com\/index.php\/wp-json\/wp\/v2\/product_tag?post=1634"}],"curies":[{"name":"wp","href":"https:\/\/api.w.org\/{rel}","templated":true}]}}

Planche SAMEDI 25 avril 2026 charcuteries, fromages, légumes

<p>&nbsp;</p>
<p><strong>photo non contractuelle:</strong></p>
<p style="text-align: center; font-size: 14px; line-height: 16px; word-break: break-word;"><span style="font-size: 14px; line-height: 16px;">Nous vous confectionnerons avec nos petites mains de<strong> jolies planches</strong> à partager, faite uniquement avec des produits locaux !!!</span></p>
<p style="text-align: center; font-size: 14px; line-height: 16px; word-break: break-word;"><span style="font-size: 14px; line-height: 16px;">Charcuterie de la maison DUCULTY</span></p>
<p style="text-align: center; font-size: 14px; line-height: 16px; word-break: break-word;"><span style="font-size: 14px; line-height: 16px;"> ( Terrasse sur Dorlay )</span></p>
<p style="text-align: center; font-size: 14px; line-height: 16px; word-break: break-word;"><span style="font-size: 14px; line-height: 16px;">Fromages de La ferme du Mont Monnet </span></p>
<p style="text-align: center; font-size: 14px; line-height: 16px; word-break: break-word;"><span style="font-size: 14px; line-height: 16px;">( Longes) </span></p>
<p style="text-align: center; font-size: 14px; line-height: 16px; word-break: break-word;"><span style="font-size: 14px; line-height: 16px;">-Fourme d&rsquo;Ambert, une spécialité de caractère</span></p>
<p style="text-align: center; font-size: 14px; line-height: 16px; word-break: break-word;"><span style="font-size: 14px; line-height: 16px;">-Fromage à pâte cuite de la Ferme du Petit Ramard</span></p>
<p style="text-align: center; font-size: 14px; line-height: 16px; word-break: break-word;"><span style="font-size: 14px; line-height: 16px;">( Condrieu)</span></p>
<p style="text-align: center; font-size: 14px; line-height: 16px; word-break: break-word;"><span style="font-size: 14px; line-height: 16px;">-Légumes sélectionnés de la Ferme des Lônes, marinés maison</span></p>
<p style="text-align: center; font-size: 14px; line-height: 16px; word-break: break-word;"><span style="font-size: 14px; line-height: 16px;">Pain de nos boulangeries ( St Pierre de Boeuf )</span></p>
